{"id":12496,"date":"2024-10-28T23:24:23","date_gmt":"2024-10-28T22:24:23","guid":{"rendered":"https:\/\/www.zks.nq.pl\/?page_id=12496"},"modified":"2024-10-28T23:24:28","modified_gmt":"2024-10-28T22:24:28","slug":"duplikat-legitymacji-ksp","status":"publish","type":"page","link":"https:\/\/www.zks.nq.pl\/?page_id=12496","title":{"rendered":"Duplikat legitymacji KSP"},"content":{"rendered":"<p style=\"text-align: center;\"><strong>Duplikat legitymacji KSP<\/strong><\/p>\n<ol>\n<li style=\"text-align: justify;\">W zwi\u0105zku ze zmian\u0105 przepis\u00f3w dotycz\u0105cych wydawania legitymacji szkolnych, obowi\u0105zuj\u0105 tzw.<strong> e-legitymacje<\/strong>.<\/li>\n<li style=\"text-align: justify;\">Dotychczas wydane legitymacje zachowuj\u0105 wa\u017cno\u015b\u0107 i nale\u017cy je sk\u0142ada\u0107 do prolongowania do ko\u0144ca wrze\u015bnia danego roku.<\/li>\n<li style=\"text-align: justify;\">W razie zgubienia\/zniszczenia dotychczasowej legitymacji nale\u017cy z\u0142o\u017cy\u0107 podanie o wydanie duplikatu (druk w sekretariacie) oraz przes\u0142a\u0107 w formie elektronicznej aktualn\u0105 fotografi\u0119 na\u00a0maila szkolnego lub wychowawcy klasy (instrukcja do\u0142\u0105czona do podania).<\/li>\n<li style=\"text-align: justify;\">E-legitymacje b\u0119d\u0105 wytwarzane przez firm\u0119 zewn\u0119trzn\u0105, szko\u0142a b\u0119dzie wysy\u0142a\u0107 wnioski o wydanie e-legitymacji mo\u017cliwie jak najszybciej. Wnioski z\u0142o\u017cone najp\u00f3\u017aniej w\u00a0 ostatnim dniu roboczym danego miesi\u0105ca b\u0119d\u0105 zbiorczo wys\u0142ane w pierwszym dniu roboczym kolejnego miesi\u0105ca, pod warunkiem, \u017ce wszelkie dane s\u0105 prawid\u0142owo wype\u0142nione <strong><u>w tym przes\u0142ana fotografia wg wytycznych z instrukcji.<\/u><\/strong><\/li>\n<li style=\"text-align: justify;\">Za wydanie duplikatu legitymacji szkolnej pobiera si\u0119 op\u0142at\u0119 w\u00a0wysoko\u015bci r\u00f3wnej kwocie op\u0142aty skarbowej od po\u015bwiadczenia w\u0142asnor\u0119czno\u015bci podpisu, a wi\u0119c w wysoko\u015bci 9 z\u0142 (zgodnie z za\u0142. do ustawy o op\u0142acie skarbowej) p\u0142atnej na wskazany nr konta w podaniu.<\/li>\n<\/ol>\n<ul>\n<li><a href=\"https:\/\/www.zks.nq.pl\/wp-content\/uploads\/2024\/10\/Warunki-jakie-musi-spelniac-fotografia-1.pdf\">Warunki, jakie musi spe\u0142nia\u0107 fotografia<\/a><\/li>\n<li><a href=\"https:\/\/www.zks.nq.pl\/wp-content\/uploads\/2024\/10\/Wniosek-o-wydanie-duplikatu-legitymacji_KSP.docx\">Wniosek o wydanie duplikatu legitymacji KSP<\/a><\/li>\n<\/ul>\n","protected":false},"excerpt":{"rendered":"<p>Duplikat legitymacji KSP W zwi\u0105zku ze zmian\u0105 przepis\u00f3w dotycz\u0105cych wydawania legitymacji szkolnych, obowi\u0105zuj\u0105 tzw. e-legitymacje. Dotychczas wydane legitymacje zachowuj\u0105 wa\u017cno\u015b\u0107 i nale\u017cy je sk\u0142ada\u0107 do prolongowania do ko\u0144ca wrze\u015bnia danego roku. W razie zgubienia\/zniszczenia dotychczasowej legitymacji nale\u017cy z\u0142o\u017cy\u0107 podanie o wydanie duplikatu (druk w sekretariacie) oraz przes\u0142a\u0107 w formie elektronicznej aktualn\u0105 fotografi\u0119 na\u00a0maila szkolnego lub&hellip;<\/p>\n","protected":false},"author":1,"featured_media":0,"parent":1220,"menu_order":0,"comment_status":"closed","ping_status":"closed","template":"","meta":{"two_page_speed":[],"footnotes":""},"class_list":["post-12496","page","type-page","status-publish","hentry"],"_links":{"self":[{"href":"https:\/\/www.zks.nq.pl\/index.php?rest_route=\/wp\/v2\/pages\/12496","targetHints":{"allow":["GET"]}}],"collection":[{"href":"https:\/\/www.zks.nq.pl\/index.php?rest_route=\/wp\/v2\/pages"}],"about":[{"href":"https:\/\/www.zks.nq.pl\/index.php?rest_route=\/wp\/v2\/types\/page"}],"author":[{"embeddable":true,"href":"https:\/\/www.zks.nq.pl\/index.php?rest_route=\/wp\/v2\/users\/1"}],"replies":[{"embeddable":true,"href":"https:\/\/www.zks.nq.pl\/index.php?rest_route=%2Fwp%2Fv2%2Fcomments&post=12496"}],"version-history":[{"count":1,"href":"https:\/\/www.zks.nq.pl\/index.php?rest_route=\/wp\/v2\/pages\/12496\/revisions"}],"predecessor-version":[{"id":12499,"href":"https:\/\/www.zks.nq.pl\/index.php?rest_route=\/wp\/v2\/pages\/12496\/revisions\/12499"}],"up":[{"embeddable":true,"href":"https:\/\/www.zks.nq.pl\/index.php?rest_route=\/wp\/v2\/pages\/1220"}],"wp:attachment":[{"href":"https:\/\/www.zks.nq.pl\/index.php?rest_route=%2Fwp%2Fv2%2Fmedia&parent=12496"}],"curies":[{"name":"wp","href":"https:\/\/api.w.org\/{rel}","templated":true}]}}