{"id":396,"date":"2017-03-06T06:00:44","date_gmt":"2017-03-06T06:00:44","guid":{"rendered":"http:\/\/demo.acmethemes.com\/education-base-pro\/?page_id=396"},"modified":"2025-09-08T21:43:19","modified_gmt":"2025-09-08T19:43:19","slug":"quality-library","status":"publish","type":"page","link":"https:\/\/www.zks.nq.pl\/?page_id=396","title":{"rendered":"Biblioteka"},"content":{"rendered":"<p style=\"text-align: center;\"><em>\u201e<strong>Biblioteka<\/strong> jest instytucj\u0105, kt\u00f3ra samym swoim istnieniem \u015bwiadczy o rozwoju kultury. Jest ona bowiem skarbnic\u0105 pi\u015bmiennictwa, przez kt\u00f3re cz\u0142owiek wyra\u017ca sw\u00f3j zamys\u0142 tw\u00f3rczy, inteligencj\u0119, znajomo\u015b\u0107 \u015bwiata i ludzi, ale tak\u017ce umiej\u0119tno\u015b\u0107 panowania nad sob\u0105, osobistego po\u015bwi\u0119cenia, solidarno\u015bci i pracy dla rozwoju dobra wsp\u00f3lnego.\u201d<\/em><\/p>\n<p style=\"text-align: right;\"><strong><br \/>\n<\/strong><em><strong>Jan Pawe\u0142 II<\/strong><\/em><\/p>\n<p><strong>Katalog online<\/strong>:\u00a0 <a href=\"https:\/\/m016171.molnet.mol.pl\/\">Katalog Online \u2022 MOL NET+<\/a><\/p>\n<p>&nbsp;<\/p>\n<p><strong>Godziny otwarcia biblioteki KSP<\/strong><\/p>\n<p>PONIEDZIA\u0141EK\u00a0\u00a0\u00a0\u00a0\u00a0\u00a0 7.30 &#8211; 15.00<\/p>\n<p>WTOREK\u00a0 \u00a0 \u00a0 \u00a0 \u00a0 \u00a0 \u00a0 \u00a0 \u00a0 \u00a0 \u00a07.30\u00a0 &#8211; 14.00<\/p>\n<p>\u015aRODA\u00a0 \u00a0 \u00a0 \u00a0 \u00a0 \u00a0 \u00a0 \u00a0 \u00a0 \u00a0 \u00a0 7.30 &#8211; 14.30<\/p>\n<p>CZWARTEK\u00a0 \u00a0 \u00a0 \u00a0 \u00a0 \u00a0 \u00a0 \u00a0 7.30 &#8211; 15.00<\/p>\n<p>PI\u0104TEK\u00a0\u00a0\u00a0\u00a0\u00a0\u00a0\u00a0\u00a0\u00a0 \u00a0\u00a0\u00a0\u00a0\u00a0\u00a0\u00a0\u00a0\u00a0 \u00a07.30 &#8211; 14.00<\/p>\n<p><strong>Godziny otwarcia biblioteki KLO<\/strong><\/p>\n<p>PONIEDZIA\u0141EK\u00a0 \u00a0 \u00a0 \u00a0 \u00a0 \u00a0 \u00a08.15 \u2013 14.15<\/p>\n<p>WTOREK \u00a0\u00a0\u00a0\u00a0\u00a0\u00a0\u00a0\u00a0\u00a0\u00a0\u00a0\u00a0\u00a0\u00a0\u00a0 \u00a0\u00a0\u00a0\u00a0\u00a0\u00a0 8.00 \u2013 14.00<\/p>\n<p>\u015aRODA\u00a0 \u00a0 \u00a0 \u00a0 \u00a0 \u00a0 \u00a0 \u00a0 \u00a0 \u00a0 \u00a0 \u00a0 \u00a0 8.00 \u2013 14.00<\/p>\n<p>CZWARTEK\u00a0 \u00a0 \u00a0 \u00a0 \u00a0 \u00a0 \u00a0 \u00a0 \u00a0 \u00a0 9.00 \u2013 15.00<\/p>\n<p>PI\u0104TEK\u00a0\u00a0\u00a0\u00a0\u00a0\u00a0\u00a0\u00a0\u00a0\u00a0\u00a0\u00a0\u00a0\u00a0\u00a0\u00a0\u00a0 \u00a0\u00a0\u00a0\u00a0\u00a0\u00a0 8.00 \u2013 14.00<\/p>\n<p>&nbsp;<\/p>\n<p><strong><u>PRZYDATNE LINKI :<\/u><\/strong><\/p>\n<p><strong><u>Biblioteki cyfrowe:<\/u><\/strong><\/p>\n<ul>\n<li><a href=\"https:\/\/wolnelektury.pl\/\">Wolne Lektury \u00a0<\/a>w zbiorach biblioteki znajduje si\u0119 wiele lektur szkolnych odpowiednio opracowanych \u2013 opatrzonych przypisami, motywami i udost\u0119pnianych w r\u00f3\u017cnych formatach.<\/li>\n<li><a href=\"https:\/\/www.youtube.com\/channel\/UC8tQ54NHy56gWhlwMmOZwbA\">Wolne Lektury \u2013 audiobooki<\/a><\/li>\n<li><a href=\"https:\/\/wolnelektury.pl\/katalog\/lektury\/biblioteczka-filozoficzna\/\">Wolne Lektury \u2013 biblioteczka filozoficzna<\/a><\/li>\n<li><a href=\"https:\/\/lektury.gov.pl\/\">Lektury<\/a><\/li>\n<li><a href=\"http:\/\/chmuraczytania.kartalia.pl\/\">Chmura Czytania \u2013 kanon kulturalnego cz\u0142owieka<\/a><\/li>\n<li><a href=\"https:\/\/polona.pl\/\">Polona \u2013 Cyfrowa Biblioteka Narodowa\u00a0<\/a>udost\u0119pnia zdigitalizowane ksi\u0105\u017cki, czasopisma, grafiki, mapy, muzykalia, druki ulotne oraz r\u0119kopisy pochodz\u0105ce ze zbior\u00f3w Biblioteki Narodowej i instytucji z ni\u0105 wsp\u00f3\u0142pracuj\u0105cych.<\/li>\n<li><a href=\"https:\/\/www.europeana.eu\/pl\">Europeana \u2013 Biblioteka Europejska\u00a0<\/a>zapewnia cyfrowy dost\u0119p do materia\u0142\u00f3w z zakresu dziedzictwa kulturowego Europy \u2013 dzie\u0142 sztuki, ksi\u0105\u017cek, muzyki, film\u00f3w i in.<\/li>\n<li><a href=\"https:\/\/fbc.pionier.net.pl\/\">Federacja Bibliotek Cyfrowych\u00a0<\/a>jej podstawowym celem jest gromadzenie, przetwarzanie i udost\u0119pnianie informacji online o zbiorach polskich instytucji nauki i kultury.<\/li>\n<li><a href=\"https:\/\/www.nac.gov.pl\/\">Narodowe Archiwum Cyfrowe\u00a0<\/a>serwis umo\u017cliwia korzystanie z materia\u0142\u00f3w archiwalnych przechowywanych w archiwach z r\u00f3\u017cnych cz\u0119\u015bci Polski.<\/li>\n<li><a href=\"https:\/\/lustrobiblioteki.pl\/biblioteki-cyfrowe-polsce\/\">Lista bibliotek cyfrowych w Polsce<\/a><\/li>\n<li><a href=\"https:\/\/lustrobiblioteki.pl\/biblioteki-cyfrowe-swiecie\/\">Lista bibliotek cyfrowych na \u015bwiecie<\/a><\/li>\n<\/ul>\n<p><strong><u>Filmy, sztuki teatralne, muzyka, czasopisma online:<\/u><\/strong><\/p>\n<ul>\n<li><a href=\"https:\/\/ninateka.pl\/\">Ninateka<\/a> (oferuje m. in. adaptacje lektur szkolnych: filmy, spektakle teatralne, s\u0142uchowiska.)<\/li>\n<li><a href=\"https:\/\/vod.tvp.pl\/sub-category\/teatr-telewizji,30798054?gc=4&amp;page=1\">Spektakle Teatru Telewizji<\/a><\/li>\n<li><a href=\"https:\/\/vod.teatrwielki.pl\/\">Teatr Wielki Opera Narodowa<\/a><\/li>\n<li><a href=\"https:\/\/www.legalnakultura.pl\/pl\">Legalna Kultura<\/a> (najwi\u0119kszy serwis tworz\u0105cy baz\u0119 legalnych \u017ar\u00f3de\u0142 cyfrowych: film\u00f3w, muzyki, ksi\u0105\u017cek, bibliotek, muze\u00f3w, archiw\u00f3w, fotografii.)<\/li>\n<li><a href=\"https:\/\/didaskalia.pl\/pl\">Didaskalia<\/a> (<u><\/u>gazeta teatralna)<\/li>\n<li><a style=\"background-color: #ffffff;\" href=\"https:\/\/nowynapis.eu\/\">Nowy napis: epika, liryka, dramat<\/a> (kwartalnik kulturalny)<\/li>\n<\/ul>\n<p>&nbsp;<\/p>\n<p>&nbsp;<\/p>\n<p><strong><a id=\"dekalog\"><\/a>DEKALOG &#8211; KATECHEZY JANA PAW\u0141A II PODCZAS IV PIELGRZYMKI DO POLSKI W 1991 ROKU.<\/strong><\/p>\n<p><strong>I. Nie b\u0119dziesz mia\u0142 bog\u00f3w cudzych przede mn\u0105.<\/strong><\/p>\n<p><a href=\"https:\/\/www.youtube.com\/watch?v=hKIUIash3YA\">Jan Pawe\u0142 II &#8211; DEKALOG &#8211; I przykazanie.avi &#8211; YouTube<\/a><\/p>\n<p><strong>II. Nie b\u0119dziesz bra\u0142 imienia Pana Boga twego nadaremno.<\/strong><\/p>\n<p><a href=\"https:\/\/www.youtube.com\/watch?v=XbftVLTiUc8\">Jan Pawe\u0142 II &#8211; DEKALOG &#8211; II PRZYKAZANIE.avi &#8211; YouTube<\/a><\/p>\n<p><strong>III. Pami\u0119taj, aby\u015b dzie\u0144 \u015bwi\u0119ty \u015bwi\u0119ci\u0142.<\/strong><\/p>\n<p><a href=\"https:\/\/www.youtube.com\/watch?v=Ob4ndFfGsMY\">Jan Pawe\u0142 II &#8211; DEKALOG &#8211; III PRZYKAZANIE &#8211; Pami\u0119taj, aby\u015b dzie\u0144 \u015bwi\u0119ty \u015bwi\u0119ci\u0142.avi &#8211; YouTube<\/a><\/p>\n<p><strong>IV. Czcij ojca swego i matk\u0119 swoj\u0105<\/strong><\/p>\n<p><a href=\"https:\/\/www.youtube.com\/watch?v=WlqXVklR6MM\">Jan Pawe\u0142 II DEKALOG IV przykazanie &#8211; Czcij ojca swego i matk\u0119 swoj\u0105. &#8211; YouTube<\/a><\/p>\n<p><strong>V. Nie zabijaj.<\/strong><\/p>\n<p><a href=\"https:\/\/www.youtube.com\/watch?v=Qge7XrKyPBo\">Jan Pawe\u0142 II DEKALOG &#8211; V przykazanie. Nie zabijaj. &#8211; YouTube<\/a><\/p>\n<p><strong>VI. Nie cudzo\u0142\u00f3\u017c.<\/strong><\/p>\n<p><a href=\"https:\/\/www.youtube.com\/watch?v=UeDBslmvIuM\">Jan Pawe\u0142 II DEKALOG &#8211; VI PRZYKAZANIE NIE CUDZO\u0141\u00d3\u017b..avi &#8211; YouTube<\/a><\/p>\n<p><strong>VII. Nie kradnij.<\/strong><\/p>\n<p><a href=\"https:\/\/www.youtube.com\/watch?v=HlJCqtJKYys\">JAN PAWE\u0141 II &#8211; DEKALOG &#8211; VII PRZYKAZANIE &#8211; NIE KRADNIJ.avi &#8211; YouTube<\/a><\/p>\n<p><strong>VIII. Nie m\u00f3w fa\u0142szywego \u015bwiadectwa przeciw bli\u017aniemu swemu.<\/strong><\/p>\n<p><a href=\"https:\/\/www.youtube.com\/watch?v=bySHElZAdXA\">Jan Pawe\u0142 II DEKALOG VIII PRZYKAZANIE &#8211; Nie m\u00f3w fa\u0142szywego \u015bwiadectwa przeciw bli\u017aniemu swemu. &#8211; YouTube<\/a><\/p>\n<p><strong>IX. Nie po\u017c\u0105daj \u017cony bli\u017aniego swego.<\/strong><\/p>\n<p><a href=\"https:\/\/www.youtube.com\/watch?v=UCdyIqEO9RA\">Jan Pawe\u0142 II &#8211; DEKALOG &#8211; IX PRZYKAZANIE.avi &#8211; YouTube<\/a><\/p>\n<p><strong>X. Ani \u017cadnej rzeczy, kt\u00f3ra jego jest<\/strong><\/p>\n<p><a href=\"https:\/\/www.youtube.com\/watch?v=kI1_H0vnOs0\">Jan Pawe\u0142 II &#8211; DEKALOG X PRZYKAZANIE &#8211; Nie po\u017c\u0105daj \u017cadnej rzeczy, kt\u00f3ra jego jest.avi &#8211; YouTube<\/a><\/p>\n","protected":false},"excerpt":{"rendered":"<p>\u201eBiblioteka jest instytucj\u0105, kt\u00f3ra samym swoim istnieniem \u015bwiadczy o rozwoju kultury. Jest ona bowiem skarbnic\u0105 pi\u015bmiennictwa, przez kt\u00f3re cz\u0142owiek wyra\u017ca sw\u00f3j zamys\u0142 tw\u00f3rczy, inteligencj\u0119, znajomo\u015b\u0107 \u015bwiata i ludzi, ale tak\u017ce umiej\u0119tno\u015b\u0107 panowania nad sob\u0105, osobistego po\u015bwi\u0119cenia, solidarno\u015bci i pracy dla rozwoju dobra wsp\u00f3lnego.\u201d Jan Pawe\u0142 II Katalog online:\u00a0 Katalog Online \u2022 MOL NET+ &nbsp; Godziny&hellip;<\/p>\n","protected":false},"author":1,"featured_media":0,"parent":1051,"menu_order":2,"comment_status":"closed","ping_status":"closed","template":"","meta":{"two_page_speed":[],"footnotes":""},"class_list":["post-396","page","type-page","status-publish","hentry"],"_links":{"self":[{"href":"https:\/\/www.zks.nq.pl\/index.php?rest_route=\/wp\/v2\/pages\/396","targetHints":{"allow":["GET"]}}],"collection":[{"href":"https:\/\/www.zks.nq.pl\/index.php?rest_route=\/wp\/v2\/pages"}],"about":[{"href":"https:\/\/www.zks.nq.pl\/index.php?rest_route=\/wp\/v2\/types\/page"}],"author":[{"embeddable":true,"href":"https:\/\/www.zks.nq.pl\/index.php?rest_route=\/wp\/v2\/users\/1"}],"replies":[{"embeddable":true,"href":"https:\/\/www.zks.nq.pl\/index.php?rest_route=%2Fwp%2Fv2%2Fcomments&post=396"}],"version-history":[{"count":12,"href":"https:\/\/www.zks.nq.pl\/index.php?rest_route=\/wp\/v2\/pages\/396\/revisions"}],"predecessor-version":[{"id":13481,"href":"https:\/\/www.zks.nq.pl\/index.php?rest_route=\/wp\/v2\/pages\/396\/revisions\/13481"}],"up":[{"embeddable":true,"href":"https:\/\/www.zks.nq.pl\/index.php?rest_route=\/wp\/v2\/pages\/1051"}],"wp:attachment":[{"href":"https:\/\/www.zks.nq.pl\/index.php?rest_route=%2Fwp%2Fv2%2Fmedia&parent=396"}],"curies":[{"name":"wp","href":"https:\/\/api.w.org\/{rel}","templated":true}]}}